{"id":2,"date":"2024-12-10T12:50:35","date_gmt":"2024-12-10T11:50:35","guid":{"rendered":"https:\/\/www.caplatypus.com\/?page_id=2"},"modified":"2025-01-31T10:10:00","modified_gmt":"2025-01-31T09:10:00","slug":"politica-de-cookies","status":"publish","type":"page","link":"https:\/\/www.caplatypus.com\/cat\/politica-de-cookies\/","title":{"rendered":"Cookies"},"content":{"rendered":"<div data-elementor-type=\"wp-page\" data-elementor-id=\"2\" class=\"elementor elementor-2\" data-elementor-post-type=\"page\">\n\t\t\t\t<div class=\"elementor-element elementor-element-9ab3be8 e-flex e-con-boxed e-con e-parent\" data-id=\"9ab3be8\" data-element_type=\"container\">\n\t\t\t\t\t<div class=\"e-con-inner\">\n\t\t\t\t<div class=\"elementor-element elementor-element-089d701 elementor-widget elementor-widget-text-editor\" data-id=\"089d701\" data-element_type=\"widget\" data-widget_type=\"text-editor.default\">\n\t\t\t\t<div class=\"elementor-widget-container\">\n\t\t\t\t\t\t\t\t\t<h2>DEFINICI\u00d3N DE COOKIES<\/h2><p>Las cookies son identificadores que enviamos al disco duro de su ordenador a trav\u00e9s de su navegador Web con el fin de que nuestros sistemas puedan reconocer su navegador y ofrecerle ciertos servicios.<\/p><p>Esta p\u00e1gina utiliza tipos diferentes de cookies. Algunas cookies son colocadas por servicios de terceros que aparecen en nuestras p\u00e1ginas.<\/p><p>A continuaci\u00f3n indicamos las cookies que utiliza la p\u00e1gina web:<\/p><h2>COOKIES UTILIZADAS<\/h2><h3>Cookies necesarias<\/h3><p>Las cookies necesarias ayudan a hacer una p\u00e1gina web utilizable activando funciones b\u00e1sicas como la navegaci\u00f3n en la p\u00e1gina y el acceso a \u00e1reas seguras de la p\u00e1gina web. La p\u00e1gina web no puede funcionar adecuadamente sin estas cookies.<\/p><p>Nombre | Proveedor | Prop\u00f3sito | Caducidad<\/p><p>cookie-agreed | | Saber si por ejemplo el usuario ha aceptado la advertencia de las cookies. | 3 meses<\/p><h3>Cookies de preferencias<\/h3><p>Las cookies de preferencias permiten a la p\u00e1gina web recordar informaci\u00f3n que cambia la forma en que la p\u00e1gina se comporta o el aspecto que tiene, como su idioma preferido o la regi\u00f3n en la que usted se encuentra.<\/p><h3>Cookies de estad\u00edsticas<\/h3><p>Las cookies estad\u00edsticas ayudan a los propietarios de p\u00e1ginas web a comprender c\u00f3mo interact\u00faan los visitantes con las p\u00e1ginas web reuniendo y proporcionando informaci\u00f3n de forma an\u00f3nima.<\/p><p>Nombre | Proveedor | Prop\u00f3sito | Caducidad<\/p><ul><li>_ga | | Registra una identificaci\u00f3n \u00fanica que se utiliza para generar datos estad\u00edsticos acerca de c\u00f3mo utiliza el visitante el sitio web | 2 a\u00f1os<\/li><li>_gid | | Registra una identificaci\u00f3n \u00fanica que se utiliza para generar datos estad\u00edsticos acerca de c\u00f3mo utiliza el visitante el sitio web | 1 d\u00eda<\/li><li>_gat | | Se usa para limitar el porcentaje de solicitudes | Cookie de sesi\u00f3n<\/li><\/ul><h3>Cookies de m\u00e1rketing<\/h3><p>Las cookies de marketing se utilizan para rastrear a los visitantes en las p\u00e1ginas web. La intenci\u00f3n es mostrar anuncios relevantes y atractivos para el usuario individual, y por lo tanto, m\u00e1s valiosos para los editores y terceros anunciantes.<\/p><h3>C\u00f3mo deshabilitar las Cookies en los principales navegadores<\/h3><p>Normalmente es posible dejar de aceptar las Cookies del navegador, o dejar de aceptar las Cookies de un Servicio en particular.<\/p><p>Todos los navegadores modernos permiten cambiar la configuraci\u00f3n de Cookies. Estos ajustes normalmente se encuentra en las \u2018opciones\u2019 o \u2018Preferencias\u2019 del men\u00fa de su navegador. Asimismo, puede configurar su navegador o su gestor de correo electr\u00f3nico.<\/p><p>A continuaci\u00f3n se ofrece orientaci\u00f3n al Usuario sobre los pasos para acceder al men\u00fa de configuraci\u00f3n de las cookies y, en su caso, de la navegaci\u00f3n privada en cada uno de los navegadores principales:<\/p><ul><li>Internet Explorer: Herramientas -&gt; Opciones de Internet -&gt; Privacidad -&gt; Configuraci\u00f3n. Para m\u00e1s informaci\u00f3n, puede consultar el soporte de Microsoft o la Ayuda del navegador.<\/li><li>Firefox: Herramientas -&gt; Opciones -&gt; Privacidad -&gt; Historial -&gt; Configuraci\u00f3n Personalizada. Para m\u00e1s informaci\u00f3n, puede consultar el soporte de Mozilla o la Ayuda del navegador.<\/li><li>Chrome: Configuraci\u00f3n -&gt; Mostrar opciones avanzadas -&gt; Privacidad -&gt; Configuraci\u00f3n de contenido. Para m\u00e1s informaci\u00f3n, puede consultar el soporte de Google o la Ayuda del navegador.<\/li><li>Safari: Preferencias -&gt; Seguridad. Para m\u00e1s informaci\u00f3n, puede consultar el soporte de Apple o la Ayuda del navegador.<\/li><\/ul><h3>\u00bfQu\u00e9 ocurre si se deshabilitan las Cookies?<\/h3><p>Algunas funcionalidades de los Servicios quedar\u00e1n deshabilitados como, por ejemplo, permanecer identificado, mantener las compras en el \u201ccarrito de la compra\u201d, etc.<\/p>\t\t\t\t\t\t\t\t<\/div>\n\t\t\t\t<\/div>\n\t\t\t\t\t<\/div>\n\t\t\t\t<\/div>\n\t\t\t\t<\/div>","protected":false},"excerpt":{"rendered":"<p>DEFINICI\u00d3N DE COOKIES Las cookies son identificadores que enviamos al disco duro de su ordenador a trav\u00e9s de su navegador Web con el fin de que nuestros sistemas puedan reconocer su navegador y ofrecerle ciertos servicios. Esta p\u00e1gina utiliza tipos diferentes de cookies. Algunas cookies son colocadas por servicios de terceros que aparecen en nuestras [&hellip;]<\/p>","protected":false},"author":1,"featured_media":0,"parent":0,"menu_order":0,"comment_status":"closed","ping_status":"closed","template":"","meta":{"footnotes":""},"class_list":["post-2","page","type-page","status-publish","hentry"],"yoast_head":"<!-- This site is optimized with the Yoast SEO Premium plugin v25.1 (Yoast SEO v25.1) - https:\/\/yoast.com\/wordpress\/plugins\/seo\/ -->\n<title>Cookies - Platypus Consultor\u00eda de Accesibilidad Universal<\/title>\n<meta name=\"robots\" content=\"index, follow, max-snippet:-1, max-image-preview:large, max-video-preview:-1\" \/>\n<link rel=\"canonical\" href=\"https:\/\/www.caplatypus.com\/cat\/politica-de-cookies\/\" \/>\n<meta property=\"og:locale\" content=\"ca_ES\" \/>\n<meta property=\"og:type\" content=\"article\" \/>\n<meta property=\"og:title\" content=\"Cookies\" \/>\n<meta property=\"og:description\" content=\"DEFINICI\u00d3N DE COOKIES Las cookies son identificadores que enviamos al disco duro de su ordenador a trav\u00e9s de su navegador Web con el fin de que nuestros sistemas puedan reconocer su navegador y ofrecerle ciertos servicios. Esta p\u00e1gina utiliza tipos diferentes de cookies. Algunas cookies son colocadas por servicios de terceros que aparecen en nuestras [&hellip;]\" \/>\n<meta property=\"og:url\" content=\"https:\/\/www.caplatypus.com\/cat\/politica-de-cookies\/\" \/>\n<meta property=\"og:site_name\" content=\"Platypus Consultor\u00eda de Accesibilidad Universal\" \/>\n<meta property=\"article:modified_time\" content=\"2025-01-31T09:10:00+00:00\" \/>\n<meta name=\"twitter:card\" content=\"summary_large_image\" \/>\n<meta name=\"twitter:label1\" content=\"Temps estimat de lectura\" \/>\n\t<meta name=\"twitter:data1\" content=\"3 minuts\" \/>\n<script type=\"application\/ld+json\" class=\"yoast-schema-graph\">{\"@context\":\"https:\/\/schema.org\",\"@graph\":[{\"@type\":\"WebPage\",\"@id\":\"https:\/\/www.caplatypus.com\/politica-de-cookies\/\",\"url\":\"https:\/\/www.caplatypus.com\/politica-de-cookies\/\",\"name\":\"Cookies - Platypus Consultor\u00eda de Accesibilidad Universal\",\"isPartOf\":{\"@id\":\"https:\/\/www.caplatypus.com\/es\/#website\"},\"datePublished\":\"2024-12-10T11:50:35+00:00\",\"dateModified\":\"2025-01-31T09:10:00+00:00\",\"breadcrumb\":{\"@id\":\"https:\/\/www.caplatypus.com\/politica-de-cookies\/#breadcrumb\"},\"inLanguage\":\"ca\",\"potentialAction\":[{\"@type\":\"ReadAction\",\"target\":[\"https:\/\/www.caplatypus.com\/politica-de-cookies\/\"]}]},{\"@type\":\"BreadcrumbList\",\"@id\":\"https:\/\/www.caplatypus.com\/politica-de-cookies\/#breadcrumb\",\"itemListElement\":[{\"@type\":\"ListItem\",\"position\":1,\"name\":\"Portada\",\"item\":\"https:\/\/www.caplatypus.com\/\"},{\"@type\":\"ListItem\",\"position\":2,\"name\":\"Cookies\"}]},{\"@type\":\"WebSite\",\"@id\":\"https:\/\/www.caplatypus.com\/es\/#website\",\"url\":\"https:\/\/www.caplatypus.com\/es\/\",\"name\":\"Platypus Consultor\u00eda de Accesibilidad Universal\",\"description\":\"Barcelona\",\"publisher\":{\"@id\":\"https:\/\/www.caplatypus.com\/es\/#organization\"},\"potentialAction\":[{\"@type\":\"SearchAction\",\"target\":{\"@type\":\"EntryPoint\",\"urlTemplate\":\"https:\/\/www.caplatypus.com\/es\/?s={search_term_string}\"},\"query-input\":{\"@type\":\"PropertyValueSpecification\",\"valueRequired\":true,\"valueName\":\"search_term_string\"}}],\"inLanguage\":\"ca\"},{\"@type\":\"Organization\",\"@id\":\"https:\/\/www.caplatypus.com\/es\/#organization\",\"name\":\"Platypus Consultor\u00eda de Accesibilidad Universal\",\"url\":\"https:\/\/www.caplatypus.com\/es\/\",\"logo\":{\"@type\":\"ImageObject\",\"inLanguage\":\"ca\",\"@id\":\"https:\/\/www.caplatypus.com\/es\/#\/schema\/logo\/image\/\",\"url\":\"https:\/\/www.caplatypus.com\/wp-content\/uploads\/logo_platypus.png\",\"contentUrl\":\"https:\/\/www.caplatypus.com\/wp-content\/uploads\/logo_platypus.png\",\"width\":832,\"height\":761,\"caption\":\"Platypus Consultor\u00eda de Accesibilidad Universal\"},\"image\":{\"@id\":\"https:\/\/www.caplatypus.com\/es\/#\/schema\/logo\/image\/\"},\"sameAs\":[\"https:\/\/www.linkedin.com\/company\/ca-platypus\/\"]}]}<\/script>\n<!-- \/ Yoast SEO Premium plugin. -->","yoast_head_json":{"title":"Cookies - Platypus Consultor\u00eda de Accesibilidad Universal","robots":{"index":"index","follow":"follow","max-snippet":"max-snippet:-1","max-image-preview":"max-image-preview:large","max-video-preview":"max-video-preview:-1"},"canonical":"https:\/\/www.caplatypus.com\/cat\/politica-de-cookies\/","og_locale":"ca_ES","og_type":"article","og_title":"Cookies","og_description":"DEFINICI\u00d3N DE COOKIES Las cookies son identificadores que enviamos al disco duro de su ordenador a trav\u00e9s de su navegador Web con el fin de que nuestros sistemas puedan reconocer su navegador y ofrecerle ciertos servicios. Esta p\u00e1gina utiliza tipos diferentes de cookies. Algunas cookies son colocadas por servicios de terceros que aparecen en nuestras [&hellip;]","og_url":"https:\/\/www.caplatypus.com\/cat\/politica-de-cookies\/","og_site_name":"Platypus Consultor\u00eda de Accesibilidad Universal","article_modified_time":"2025-01-31T09:10:00+00:00","twitter_card":"summary_large_image","twitter_misc":{"Temps estimat de lectura":"3 minuts"},"schema":{"@context":"https:\/\/schema.org","@graph":[{"@type":"WebPage","@id":"https:\/\/www.caplatypus.com\/politica-de-cookies\/","url":"https:\/\/www.caplatypus.com\/politica-de-cookies\/","name":"Cookies - Platypus Consultor\u00eda de Accesibilidad Universal","isPartOf":{"@id":"https:\/\/www.caplatypus.com\/es\/#website"},"datePublished":"2024-12-10T11:50:35+00:00","dateModified":"2025-01-31T09:10:00+00:00","breadcrumb":{"@id":"https:\/\/www.caplatypus.com\/politica-de-cookies\/#breadcrumb"},"inLanguage":"ca","potentialAction":[{"@type":"ReadAction","target":["https:\/\/www.caplatypus.com\/politica-de-cookies\/"]}]},{"@type":"BreadcrumbList","@id":"https:\/\/www.caplatypus.com\/politica-de-cookies\/#breadcrumb","itemListElement":[{"@type":"ListItem","position":1,"name":"Portada","item":"https:\/\/www.caplatypus.com\/"},{"@type":"ListItem","position":2,"name":"Cookies"}]},{"@type":"WebSite","@id":"https:\/\/www.caplatypus.com\/es\/#website","url":"https:\/\/www.caplatypus.com\/es\/","name":"Platypus Consultor\u00eda de Accesibilidad Universal","description":"Barcelona","publisher":{"@id":"https:\/\/www.caplatypus.com\/es\/#organization"},"potentialAction":[{"@type":"SearchAction","target":{"@type":"EntryPoint","urlTemplate":"https:\/\/www.caplatypus.com\/es\/?s={search_term_string}"},"query-input":{"@type":"PropertyValueSpecification","valueRequired":true,"valueName":"search_term_string"}}],"inLanguage":"ca"},{"@type":"Organization","@id":"https:\/\/www.caplatypus.com\/es\/#organization","name":"Platypus Consultor\u00eda de Accesibilidad Universal","url":"https:\/\/www.caplatypus.com\/es\/","logo":{"@type":"ImageObject","inLanguage":"ca","@id":"https:\/\/www.caplatypus.com\/es\/#\/schema\/logo\/image\/","url":"https:\/\/www.caplatypus.com\/wp-content\/uploads\/logo_platypus.png","contentUrl":"https:\/\/www.caplatypus.com\/wp-content\/uploads\/logo_platypus.png","width":832,"height":761,"caption":"Platypus Consultor\u00eda de Accesibilidad Universal"},"image":{"@id":"https:\/\/www.caplatypus.com\/es\/#\/schema\/logo\/image\/"},"sameAs":["https:\/\/www.linkedin.com\/company\/ca-platypus\/"]}]}},"_links":{"self":[{"href":"https:\/\/www.caplatypus.com\/cat\/wp-json\/wp\/v2\/pages\/2","targetHints":{"allow":["GET"]}}],"collection":[{"href":"https:\/\/www.caplatypus.com\/cat\/wp-json\/wp\/v2\/pages"}],"about":[{"href":"https:\/\/www.caplatypus.com\/cat\/wp-json\/wp\/v2\/types\/page"}],"author":[{"embeddable":true,"href":"https:\/\/www.caplatypus.com\/cat\/wp-json\/wp\/v2\/users\/1"}],"replies":[{"embeddable":true,"href":"https:\/\/www.caplatypus.com\/cat\/wp-json\/wp\/v2\/comments?post=2"}],"version-history":[{"count":2,"href":"https:\/\/www.caplatypus.com\/cat\/wp-json\/wp\/v2\/pages\/2\/revisions"}],"predecessor-version":[{"id":978,"href":"https:\/\/www.caplatypus.com\/cat\/wp-json\/wp\/v2\/pages\/2\/revisions\/978"}],"wp:attachment":[{"href":"https:\/\/www.caplatypus.com\/cat\/wp-json\/wp\/v2\/media?parent=2"}],"curies":[{"name":"wp","href":"https:\/\/api.w.org\/{rel}","templated":true}]}}